{"id":128,"date":"2011-04-13T07:45:58","date_gmt":"2011-04-13T07:45:58","guid":{"rendered":"http:\/\/larv.se\/?page_id=128"},"modified":"2011-04-13T07:45:58","modified_gmt":"2011-04-13T07:45:58","slug":"scen-vara","status":"publish","type":"page","link":"http:\/\/larv.se\/?page_id=128","title":{"rendered":"Scen Vara"},"content":{"rendered":"<p>Tycker du att det skulle vara roligt att vara med i teaterverksamhet s\u00e5 \u00e4r du v\u00e4lkommen att kontakta oss. I v\u00e5r verksamhet kan du g\u00f6ra det som du tycker \u00e4r rolig, spela teater, snickra, m\u00e5la , sy kl\u00e4der, skriva och mycke, mycke mer&#8230;<\/p>\n<p><strong>Kontaktperson<\/strong><br \/>\nAnders Nilsson<br \/>\nHantverkaregatan 37<br \/>\n535 30 Kv\u00e4num<br \/>\n0512-92288<br \/>\nfax 0512-939 13<br \/>\ne-mail rene.nilsson@telia.com<\/p>\n<p>SCEN-VARA  &#8211;  EN AMAT\u00d6RTEATERGRUPP P\u00c5  \u201cSL\u00c4TTA\u201c<br \/>\nScen-Vara \u00e4r en f\u00f6rening f\u00f6r dem som tycker att det \u00e4r roligt att spela teater!<\/p>\n<p>Just nu \u00e4r vi 40 medlemmar. De allra flesta \u00e4r aktiva och deltar i v\u00e5r verksamhet p\u00e5 n\u00e5got s\u00e4tt under \u00e5ret. Medlemmarna kommer fr\u00e5n v\u00e4stra Skaraborg med tyngdpunkt i Vara kommun. Vi har i dag medlemmar mellan 17 och 76 \u00e5r.<\/p>\n<p>Scen-Vara startade sin verksamhet 1996 i sin nuvarande form men f\u00f6reningen har sina r\u00f6tter i Vara Arbetareteater som kom till p\u00e570-talet. Under \u00e5ren har vi spelat olika slag av teater, nutidspj\u00e4ser s\u00e5v\u00e4l som klassisk teater och revy. En str\u00e4van har varit att utveckla v\u00e5rt kunnande. D\u00e4rf\u00f6r har vi vid flera tillf\u00e4llen valt en repertoar som inneburet att vi pr\u00f6var n\u00e5got nytt.<\/p>\n<p>Bland Scen-Varas medlemmar finns flera som har lust och intresse f\u00f6r att skriva. Det g\u00e4ller flera slag av dramatiska texter, hembygdsspel, nutidspj\u00e4ser, fars och komedi samt revy. Det har varit en tillg\u00e5ng i verksamheten att f\u00f6rfoga \u00f6ver medlemmar med s\u00e5dant intresse.<\/p>\n<p>Grundl\u00e4ggande f\u00f6r v\u00e5r verksamhet \u00e4r medlemmarnas lust att spela teater, st\u00e5 p\u00e5 scenen inf\u00f6r publik. Vi \u00e4r alla amat\u00f6rer och teatern \u00e4r ett fritidsintresse.<br \/>\nD\u00e4rf\u00f6r har vi hela tiden arbetat med den principen att vi inte betalar ut gage eller reseers\u00e4ttning till medverkande i v\u00e5ra upps\u00e4ttningar. Ett undantag finns: D\u00e5 vi spelar mot ers\u00e4ttning utanf\u00f6r kommunen betalar vi ut reseers\u00e4ttning.<\/p>\n<p>Denna strikta ekonomiska linje har lett till att Scen-Vara under hela sin hittillsvarande tid haft en f\u00f6rh\u00e5llandevis god och stabil ekonomi.<\/p>\n<p>Vi samarbetar g\u00e4rna med andra. Scen-Vara \u00e4r medlemsorganisation i ABF. Vi  \u00e4r ocks\u00e5 medlemmar i b\u00e5de Arbetarteaterf\u00f6rbundet (ATF) och i Amat\u00f6rteaterns Riksf\u00f6rbund (ATR). Vi str\u00e4var efter ett gott samarbete med samlingslokalerna i n\u00e4romr\u00e5det och f\u00f6reningslivet i V\u00e4stra G\u00f6taland. I vissa projekt (V\u00e4stg\u00f6taupproret och Sp\u00f4r p\u00e5 sl\u00e4tta) samarbetar vi med grupper av lokalt f\u00f6rankrade f\u00f6reningar samt Studief\u00f6rbunden ABF och Vuxenskolan. V\u00e5rt f\u00f6rh\u00e5llande till kommuneroch andra anslagsgivande organ \u00e4r gott. Vi har p\u00e5 olika s\u00e4tt haft ett mycket gott st\u00f6d fr\u00e5n Vara kommun under \u00e5rens lopp.<\/p>\n<p>Denna samarbetsfilosofi har lett till att vi blivit ett resande teaters\u00e4llskap. Vi spelade exempelvis \u00e5r 2002 v\u00e5r revy p\u00e5 10 platser och gav kortpj\u00e4sen \u201cSj\u00e4lvklart\u201c i 30 orter runt om i regionen. Vi \u00e4r \u00f6vertygade om att vi n\u00e5r en st\u00f6rre publik med v\u00e5r resande teater \u00e4n vad vi skulle g\u00f6ra om publiken alltid m\u00e5ste \u00e5ka till oss. Det kommer fler Tr\u00e5vadsbor och ser v\u00e5r f\u00f6rest\u00e4llning om vi spelar i Tr\u00e5vad \u00e4n om vi f\u00f6rv\u00e4ntar oss att alla skall resa till Vara!<\/p>\n<p>Scen-Vara har en fast punkt i tillvaron. Det \u00e4r teaterladan i Sl\u00e4tt\u00e5s Larv.\u00c4n s\u00e5 l\u00e4nge \u00e4r den endast tillg\u00e4nglig f\u00f6r f\u00f6rest\u00e4llningar och \u00f6vningar under sommarhalv\u00e5ret. Det \u00e4r ett f\u00f6rh\u00e5llande som vi f\u00f6rs\u00f6ker \u00e4ndra p\u00e5. Vi hoppas att det kommer att bli m\u00f6jligt, bland annat inom Leader-projektet, att utveckla verksamheten i Ladan till att omfatta st\u00f6rre delen av \u00e5ret. Ut\u00f6ver \u00f6vningar och f\u00f6rest\u00e4llningar hoppas vi kunna starta teaterkurser f\u00f6r ungdomar, handikappade och andra i v\u00e5r lada.<\/p>\n<p>Vi anv\u00e4nder en f\u00f6rh\u00e5llandevis stor del av v\u00e5rt \u00f6verskott till utbildning. D\u00e4rvid har vi samarbete med Vara Folkh\u00f6gskola, vi utnyttjar de riksorganisationer vi tillh\u00f6r och vi str\u00e4var efter att n\u00e4stan uteslutande anlita professionella krafter i v\u00e5ra kurser.<\/p>\n<p>F\u00f6r regiss\u00f6rsuppdrag har vi n\u00e5gra g\u00e5nger engagerat professionella sk\u00e5despelare och regiss\u00f6rer med gott resultat. Flera av v\u00e5ra medlemmar har n\u00e5gon form av teaterutbildning vilket g\u00f6r att vi f\u00f6rfogar \u00f6ver erfarna ledare i verksamheten. Vi har dock som alla ideella f\u00f6reningar behov av \u00e4nnu fler ledare.<\/p>\n<p><strong>Styrelsen f\u00f6r Scen-Vara har f\u00f6ljande utseende:<\/strong><br \/>\nOrdf\u00f6rande:<br \/>\nAnders Nilsson,  Kv\u00e4num<br \/>\nKass\u00f6r:<br \/>\nBirgitta Onsj\u00f6,  Larv<br \/>\nSekreterare:<br \/>\nChristina Engblom,  Vedum<br \/>\nLedam\u00f6ter:<br \/>\nAnn-Christin Andersson,  Tumleberg<br \/>\nLars-Ove Larsson ,  Larv<br \/>\nHelene Olofsson,  Vara<br \/>\nJohan Rundkvist ,  Tumleberg<\/p>\n<p>Styrelsen arbetar f\u00f6rh\u00e5llandevis okonventionellt med f\u00e5 sammantr\u00e4den. De flesta fr\u00e5gor avg\u00f6r vi allt eftersom de dyker upp. Styrelsens medlemmar tr\u00e4ffar varann ganska ofta vid \u00f6vningar och f\u00f6rest\u00e4llningar och d\u00e5 \u00e4r det l\u00e4tt att best\u00e4mma vad som ska bli gjort. P\u00e5 s\u00e5 s\u00e4tt slipper vi s\u00e4tta av tid f\u00f6r improduktiva m\u00f6ten till f\u00f6rm\u00e5n f\u00f6r verksamheten.<\/p>\n","protected":false},"excerpt":{"rendered":"<p>Tycker du att det skulle vara roligt att vara med i teaterverksamhet s\u00e5 \u00e4r du v\u00e4lkommen att kontakta oss. I v\u00e5r verksamhet kan du g\u00f6ra det som du tycker \u00e4r rolig, spela teater, snickra, m\u00e5la , sy kl\u00e4der, skriva och mycke, mycke mer&#8230; Kontaktperson Anders Nilsson Hantverkaregatan 37 535 30 Kv\u00e4num 0512-92288 fax 0512-939 13 [&hellip;]<\/p>\n","protected":false},"author":1,"featured_media":0,"parent":0,"menu_order":0,"comment_status":"closed","ping_status":"closed","template":"","meta":[],"_links":{"self":[{"href":"http:\/\/larv.se\/index.php?rest_route=\/wp\/v2\/pages\/128"}],"collection":[{"href":"http:\/\/larv.se\/index.php?rest_route=\/wp\/v2\/pages"}],"about":[{"href":"http:\/\/larv.se\/index.php?rest_route=\/wp\/v2\/types\/page"}],"author":[{"embeddable":true,"href":"http:\/\/larv.se\/index.php?rest_route=\/wp\/v2\/users\/1"}],"replies":[{"embeddable":true,"href":"http:\/\/larv.se\/index.php?rest_route=%2Fwp%2Fv2%2Fcomments&post=128"}],"version-history":[{"count":2,"href":"http:\/\/larv.se\/index.php?rest_route=\/wp\/v2\/pages\/128\/revisions"}],"predecessor-version":[{"id":324,"href":"http:\/\/larv.se\/index.php?rest_route=\/wp\/v2\/pages\/128\/revisions\/324"}],"wp:attachment":[{"href":"http:\/\/larv.se\/index.php?rest_route=%2Fwp%2Fv2%2Fmedia&parent=128"}],"curies":[{"name":"wp","href":"https:\/\/api.w.org\/{rel}","templated":true}]}}